{"id":673,"date":"2022-10-04T19:54:03","date_gmt":"2022-10-04T17:54:03","guid":{"rendered":"http:\/\/ipanemavoyages.fr\/?page_id=673"},"modified":"2025-09-01T11:29:32","modified_gmt":"2025-09-01T09:29:32","slug":"amerique-centrale","status":"publish","type":"page","link":"https:\/\/ipanemavoyages.fr\/index.php\/amerique-centrale\/","title":{"rendered":"Am\u00e9rique Centrale"},"content":{"rendered":"\n<h2 class=\"wp-block-heading\">MEXIQUE<\/h2>\n\n\n\n<div class=\"wp-block-columns is-layout-flex wp-container-core-columns-is-layout-9d6595d7 wp-block-columns-is-layout-flex\">\n<div class=\"wp-block-column is-vertically-aligned-center is-layout-flow wp-block-column-is-layout-flow\" style=\"flex-basis:33.33%\">\n<p>Ce pays a accueilli les plus grandes civilisations pr\u00e9colombiennes. Terre des Olm\u00e8ques, des mayas puis des azt\u00e8ques, ce pays comble le visiteur par son histoire mill\u00e9naire, ses villes coloniales et ses merveilleux rivages \u00e0 l\u2019eau cristalline.<\/p>\n\n\n\n<ul class=\"wp-block-list\"><li>Circuits en 12 et 15 jours<\/li><li>Programmes et tarifs sur demande<\/li><\/ul>\n<\/div>\n\n\n\n<div class=\"wp-block-column is-layout-flow wp-block-column-is-layout-flow\" style=\"flex-basis:66.66%\">\n<figure class=\"wp-block-image size-large\"><img loading=\"lazy\" decoding=\"async\" width=\"1024\" height=\"683\" src=\"http:\/\/ipanemavoyages.fr\/wp-content\/uploads\/2022\/10\/pexels-jhovani-morales-12319942-1024x683.jpg\" alt=\"\" class=\"wp-image-674\" srcset=\"https:\/\/ipanemavoyages.fr\/wp-content\/uploads\/2022\/10\/pexels-jhovani-morales-12319942-1024x683.jpg 1024w, https:\/\/ipanemavoyages.fr\/wp-content\/uploads\/2022\/10\/pexels-jhovani-morales-12319942-300x200.jpg 300w, https:\/\/ipanemavoyages.fr\/wp-content\/uploads\/2022\/10\/pexels-jhovani-morales-12319942-768x512.jpg 768w, https:\/\/ipanemavoyages.fr\/wp-content\/uploads\/2022\/10\/pexels-jhovani-morales-12319942-1536x1025.jpg 1536w, https:\/\/ipanemavoyages.fr\/wp-content\/uploads\/2022\/10\/pexels-jhovani-morales-12319942-2048x1366.jpg 2048w, https:\/\/ipanemavoyages.fr\/wp-content\/uploads\/2022\/10\/pexels-jhovani-morales-12319942-930x620.jpg 930w\" sizes=\"auto, (max-width: 1024px) 100vw, 1024px\" \/><\/figure>\n<\/div>\n<\/div>\n\n\n\n<div style=\"height:30px\" aria-hidden=\"true\" class=\"wp-block-spacer\"><\/div>\n\n\n\n<h2 class=\"wp-block-heading\">GUATEMALA<\/h2>\n\n\n\n<div class=\"wp-block-columns is-layout-flex wp-container-core-columns-is-layout-9d6595d7 wp-block-columns-is-layout-flex\">\n<div class=\"wp-block-column is-layout-flow wp-block-column-is-layout-flow\" style=\"flex-basis:66.66%\">\n<figure class=\"wp-block-image size-large\"><img loading=\"lazy\" decoding=\"async\" width=\"1024\" height=\"512\" src=\"http:\/\/ipanemavoyages.fr\/wp-content\/uploads\/2022\/10\/pexels-saulo-zayas-335887-1024x512.jpg\" alt=\"\" class=\"wp-image-675\" srcset=\"https:\/\/ipanemavoyages.fr\/wp-content\/uploads\/2022\/10\/pexels-saulo-zayas-335887-1024x512.jpg 1024w, https:\/\/ipanemavoyages.fr\/wp-content\/uploads\/2022\/10\/pexels-saulo-zayas-335887-300x150.jpg 300w, https:\/\/ipanemavoyages.fr\/wp-content\/uploads\/2022\/10\/pexels-saulo-zayas-335887-768x384.jpg 768w, https:\/\/ipanemavoyages.fr\/wp-content\/uploads\/2022\/10\/pexels-saulo-zayas-335887-1536x768.jpg 1536w, https:\/\/ipanemavoyages.fr\/wp-content\/uploads\/2022\/10\/pexels-saulo-zayas-335887-2048x1024.jpg 2048w\" sizes=\"auto, (max-width: 1024px) 100vw, 1024px\" \/><\/figure>\n<\/div>\n\n\n\n<div class=\"wp-block-column is-vertically-aligned-center is-layout-flow wp-block-column-is-layout-flow\" style=\"flex-basis:33.33%\">\n<p>Le Guatemala est le c\u0153ur du Monde Maya. Les descendants de ce peuple mill\u00e9naire conservent encore de nos jours les coutumes ancestrales de leur peuple. Voyager au Guatemala, c\u2019est aussi d\u00e9couvrir un pays qui a gard\u00e9 son authenticit\u00e9 du Lac Atitlan \u00e0 la jungle du Peten. De Tikal \u00e0 Antigua, du Rio Dulce au rivage carib\u00e9en de Livingston, ne manquez pas la d\u00e9couverte d\u2019un pays \u00e9tonnant\u00a0!<\/p>\n\n\n\n<ul class=\"wp-block-list\"><li>Circuits en 12 jours<\/li><li>Programmes et tarifs sur demande<\/li><\/ul>\n<\/div>\n<\/div>\n","protected":false},"excerpt":{"rendered":"<p>MEXIQUE Ce pays a accueilli les plus grandes civilisations pr\u00e9colombiennes. Terre des Olm\u00e8ques, des mayas puis des azt\u00e8ques, ce pays comble le visiteur par son histoire mill\u00e9naire, ses villes coloniales et ses merveilleux rivages \u00e0 l\u2019eau cristalline. Circuits en 12 et 15 jours Programmes et tarifs sur demande GUATEMALA Le Guatemala est le c\u0153ur du&hellip;&nbsp;<a href=\"https:\/\/ipanemavoyages.fr\/index.php\/amerique-centrale\/\" class=\"\" rel=\"bookmark\">Lire la suite &raquo;<span class=\"screen-reader-text\">Am\u00e9rique Centrale<\/span><\/a><\/p>\n","protected":false},"author":1,"featured_media":0,"parent":0,"menu_order":0,"comment_status":"closed","ping_status":"closed","template":"","meta":{"neve_meta_sidebar":"","neve_meta_container":"","neve_meta_enable_content_width":"","neve_meta_content_width":0,"neve_meta_title_alignment":"","neve_meta_author_avatar":"","neve_post_elements_order":"","neve_meta_disable_header":"","neve_meta_disable_footer":"","neve_meta_disable_title":"","footnotes":""},"class_list":["post-673","page","type-page","status-publish","hentry"],"_links":{"self":[{"href":"https:\/\/ipanemavoyages.fr\/index.php\/wp-json\/wp\/v2\/pages\/673","targetHints":{"allow":["GET"]}}],"collection":[{"href":"https:\/\/ipanemavoyages.fr\/index.php\/wp-json\/wp\/v2\/pages"}],"about":[{"href":"https:\/\/ipanemavoyages.fr\/index.php\/wp-json\/wp\/v2\/types\/page"}],"author":[{"embeddable":true,"href":"https:\/\/ipanemavoyages.fr\/index.php\/wp-json\/wp\/v2\/users\/1"}],"replies":[{"embeddable":true,"href":"https:\/\/ipanemavoyages.fr\/index.php\/wp-json\/wp\/v2\/comments?post=673"}],"version-history":[{"count":1,"href":"https:\/\/ipanemavoyages.fr\/index.php\/wp-json\/wp\/v2\/pages\/673\/revisions"}],"predecessor-version":[{"id":676,"href":"https:\/\/ipanemavoyages.fr\/index.php\/wp-json\/wp\/v2\/pages\/673\/revisions\/676"}],"wp:attachment":[{"href":"https:\/\/ipanemavoyages.fr\/index.php\/wp-json\/wp\/v2\/media?parent=673"}],"curies":[{"name":"wp","href":"https:\/\/api.w.org\/{rel}","templated":true}]}}