{"id":450,"date":"2022-09-28T22:59:23","date_gmt":"2022-09-28T20:59:23","guid":{"rendered":"http:\/\/ipanemavoyages.fr\/?page_id=450"},"modified":"2025-09-01T11:20:28","modified_gmt":"2025-09-01T09:20:28","slug":"france","status":"publish","type":"page","link":"https:\/\/ipanemavoyages.fr\/index.php\/france\/","title":{"rendered":"France"},"content":{"rendered":"\n<div class=\"wp-block-columns is-layout-flex wp-container-core-columns-is-layout-9d6595d7 wp-block-columns-is-layout-flex\">\n<div class=\"wp-block-column is-layout-flow wp-block-column-is-layout-flow\"><\/div>\n<\/div>\n\n\n\n<h2 class=\"wp-block-heading\">ALSACE<\/h2>\n\n\n\n<div class=\"wp-block-columns is-layout-flex wp-container-core-columns-is-layout-9d6595d7 wp-block-columns-is-layout-flex\">\n<div class=\"wp-block-column is-vertically-aligned-center is-layout-flow wp-block-column-is-layout-flow\">\n<p style=\"font-size:25px\">L\u2019Alsace vous accueille avec ses maisons \u00e0 colombages, ses ruelles fleuries et ses centres historiques.<\/p>\n\n\n\n<p style=\"font-size:25px\">Reconnue pour sa route des vins, ses march\u00e9s de No\u00ebl, ses produits locaux d\u00e9couvrez les traditions et la gastronomie de l\u2019Alsace.<\/p>\n<\/div>\n\n\n\n<div class=\"wp-block-column is-layout-flow wp-block-column-is-layout-flow\">\n<figure class=\"wp-block-image size-large is-resized is-style-default\"><img loading=\"lazy\" decoding=\"async\" width=\"819\" height=\"1024\" src=\"http:\/\/ipanemavoyages.fr\/wp-content\/uploads\/2022\/09\/pexels-pierre-blache-2901212-819x1024.jpg\" alt=\"\" class=\"wp-image-451\" style=\"width:580px;height:724px\" srcset=\"https:\/\/ipanemavoyages.fr\/wp-content\/uploads\/2022\/09\/pexels-pierre-blache-2901212-819x1024.jpg 819w, https:\/\/ipanemavoyages.fr\/wp-content\/uploads\/2022\/09\/pexels-pierre-blache-2901212-240x300.jpg 240w, https:\/\/ipanemavoyages.fr\/wp-content\/uploads\/2022\/09\/pexels-pierre-blache-2901212-768x960.jpg 768w, https:\/\/ipanemavoyages.fr\/wp-content\/uploads\/2022\/09\/pexels-pierre-blache-2901212-1229x1536.jpg 1229w, https:\/\/ipanemavoyages.fr\/wp-content\/uploads\/2022\/09\/pexels-pierre-blache-2901212-1638x2048.jpg 1638w, https:\/\/ipanemavoyages.fr\/wp-content\/uploads\/2022\/09\/pexels-pierre-blache-2901212-scaled.jpg 2048w\" sizes=\"auto, (max-width: 819px) 100vw, 819px\" \/><\/figure>\n<\/div>\n<\/div>\n\n\n\n<div class=\"wp-block-columns is-layout-flex wp-container-core-columns-is-layout-9d6595d7 wp-block-columns-is-layout-flex\">\n<div class=\"wp-block-column is-layout-flow wp-block-column-is-layout-flow\">\n<h2 class=\"wp-block-heading\">LYON, F\u00caTE DES LUMI\u00c8RES<\/h2>\n<\/div>\n<\/div>\n\n\n\n<div class=\"wp-block-columns is-layout-flex wp-container-core-columns-is-layout-9d6595d7 wp-block-columns-is-layout-flex\">\n<div class=\"wp-block-column is-layout-flow wp-block-column-is-layout-flow\"><div class=\"wp-block-image\">\n<figure class=\"aligncenter size-large is-resized\"><img loading=\"lazy\" decoding=\"async\" width=\"819\" height=\"1024\" src=\"http:\/\/ipanemavoyages.fr\/wp-content\/uploads\/2022\/09\/pexels-robert-lozano-13684735-819x1024.jpg\" alt=\"\" class=\"wp-image-453\" style=\"width:566px;height:707px\" srcset=\"https:\/\/ipanemavoyages.fr\/wp-content\/uploads\/2022\/09\/pexels-robert-lozano-13684735-819x1024.jpg 819w, https:\/\/ipanemavoyages.fr\/wp-content\/uploads\/2022\/09\/pexels-robert-lozano-13684735-240x300.jpg 240w, https:\/\/ipanemavoyages.fr\/wp-content\/uploads\/2022\/09\/pexels-robert-lozano-13684735-768x960.jpg 768w, https:\/\/ipanemavoyages.fr\/wp-content\/uploads\/2022\/09\/pexels-robert-lozano-13684735-1229x1536.jpg 1229w, https:\/\/ipanemavoyages.fr\/wp-content\/uploads\/2022\/09\/pexels-robert-lozano-13684735-1638x2048.jpg 1638w, https:\/\/ipanemavoyages.fr\/wp-content\/uploads\/2022\/09\/pexels-robert-lozano-13684735-scaled.jpg 2048w\" sizes=\"auto, (max-width: 819px) 100vw, 819px\" \/><\/figure>\n<\/div><\/div>\n\n\n\n<div class=\"wp-block-column is-vertically-aligned-center is-layout-flow wp-block-column-is-layout-flow\">\n<p style=\"font-size:25px\">Assistez aux plus beaux spectacles lumineux et interactifs. De nouvelles installations in\u00e9dites chaque ann\u00e9e et de plus en plus travaill\u00e9es<\/p>\n<\/div>\n<\/div>\n\n\n\n<h2 class=\"wp-block-heading\">CH\u00c2TEAUX DE LA LOIRE<\/h2>\n\n\n\n<div class=\"wp-block-columns is-layout-flex wp-container-core-columns-is-layout-9d6595d7 wp-block-columns-is-layout-flex\">\n<div class=\"wp-block-column is-vertically-aligned-center is-layout-flow wp-block-column-is-layout-flow\">\n<p style=\"font-size:25px\">Admirez l\u2019art de la Renaissance et du Moyen Age fran\u00e7ais au sein des plus beaux ch\u00e2teaux de France. Combinez art et histoire pour un s\u00e9jour d\u00e9couverte de 4 jours.<\/p>\n<\/div>\n\n\n\n<div class=\"wp-block-column is-layout-flow wp-block-column-is-layout-flow\">\n<figure class=\"wp-block-image size-large is-resized\"><img loading=\"lazy\" decoding=\"async\" width=\"751\" height=\"1024\" src=\"http:\/\/ipanemavoyages.fr\/wp-content\/uploads\/2022\/09\/pexels-erica-\u30a8\u30ea\u30ab-7929526-751x1024.jpg\" alt=\"\" class=\"wp-image-455\" style=\"width:568px;height:775px\" srcset=\"https:\/\/ipanemavoyages.fr\/wp-content\/uploads\/2022\/09\/pexels-erica-\u30a8\u30ea\u30ab-7929526-751x1024.jpg 751w, https:\/\/ipanemavoyages.fr\/wp-content\/uploads\/2022\/09\/pexels-erica-\u30a8\u30ea\u30ab-7929526-220x300.jpg 220w, https:\/\/ipanemavoyages.fr\/wp-content\/uploads\/2022\/09\/pexels-erica-\u30a8\u30ea\u30ab-7929526-768x1047.jpg 768w, https:\/\/ipanemavoyages.fr\/wp-content\/uploads\/2022\/09\/pexels-erica-\u30a8\u30ea\u30ab-7929526-1127x1536.jpg 1127w, https:\/\/ipanemavoyages.fr\/wp-content\/uploads\/2022\/09\/pexels-erica-\u30a8\u30ea\u30ab-7929526-1503x2048.jpg 1503w, https:\/\/ipanemavoyages.fr\/wp-content\/uploads\/2022\/09\/pexels-erica-\u30a8\u30ea\u30ab-7929526-scaled.jpg 1879w\" sizes=\"auto, (max-width: 751px) 100vw, 751px\" \/><\/figure>\n<\/div>\n<\/div>\n\n\n\n<h2 class=\"wp-block-heading\">SANARY-SUR-MER<\/h2>\n\n\n\n<div class=\"wp-block-columns is-layout-flex wp-container-core-columns-is-layout-9d6595d7 wp-block-columns-is-layout-flex\">\n<div class=\"wp-block-column is-layout-flow wp-block-column-is-layout-flow\">\n<figure class=\"wp-block-image size-large\"><img loading=\"lazy\" decoding=\"async\" width=\"1024\" height=\"768\" src=\"https:\/\/ipanemavoyages.fr\/wp-content\/uploads\/2025\/09\/sanary-3-1024x768.jpg\" alt=\"\" class=\"wp-image-795\" srcset=\"https:\/\/ipanemavoyages.fr\/wp-content\/uploads\/2025\/09\/sanary-3-1024x768.jpg 1024w, https:\/\/ipanemavoyages.fr\/wp-content\/uploads\/2025\/09\/sanary-3-300x225.jpg 300w, https:\/\/ipanemavoyages.fr\/wp-content\/uploads\/2025\/09\/sanary-3-768x576.jpg 768w, https:\/\/ipanemavoyages.fr\/wp-content\/uploads\/2025\/09\/sanary-3-1536x1152.jpg 1536w, https:\/\/ipanemavoyages.fr\/wp-content\/uploads\/2025\/09\/sanary-3.jpg 2000w\" sizes=\"auto, (max-width: 1024px) 100vw, 1024px\" \/><\/figure>\n<\/div>\n\n\n\n<div class=\"wp-block-column is-vertically-aligned-center is-layout-flow wp-block-column-is-layout-flow\">\n<p style=\"font-size:25px\">Cette jolie station baln\u00e9aire vous accueille pendant un week-end ou une semaine pour vous permettre de rayonner et d\u00e9couvrir la r\u00e9gion avec un programme alliant culture et art de vivre. Sanary et son march\u00e9 proven\u00e7al, Bandol et ses caves, La cit\u00e9 m\u00e9di\u00e9vale du Castellet, Marseille, les Baux de Provence, Toulon et sa rade\u2026..<\/p>\n<\/div>\n<\/div>\n\n\n\n<h2 class=\"wp-block-heading\">CORSE<\/h2>\n\n\n\n<div class=\"wp-block-columns is-layout-flex wp-container-core-columns-is-layout-9d6595d7 wp-block-columns-is-layout-flex\">\n<div class=\"wp-block-column is-vertically-aligned-center is-layout-flow wp-block-column-is-layout-flow\">\n<p style=\"font-size:25px\">Eaux cristallines, petites criques et immenses plages de sable fin, arri\u00e8re-pays majestueux du Maquis \u00e0 La Balagne, de Corte au D\u00e9sert des Agriates, de Saint-Florent \u00e0 Ile Rousse, du Cap Corse \u00e0 Bonifacio en passant par la belle Ajaccio&nbsp;; cette terre est une merveille \u00e0 d\u00e9couvrir sans mod\u00e9ration\u2026.&nbsp;&nbsp;<\/p>\n<\/div>\n\n\n\n<div class=\"wp-block-column is-layout-flow wp-block-column-is-layout-flow\">\n<figure class=\"wp-block-image size-large\"><img loading=\"lazy\" decoding=\"async\" width=\"1024\" height=\"683\" src=\"http:\/\/ipanemavoyages.fr\/wp-content\/uploads\/2022\/09\/pexels-kai-pilger-1341277-1024x683.jpg\" alt=\"\" class=\"wp-image-458\" srcset=\"https:\/\/ipanemavoyages.fr\/wp-content\/uploads\/2022\/09\/pexels-kai-pilger-1341277-1024x683.jpg 1024w, https:\/\/ipanemavoyages.fr\/wp-content\/uploads\/2022\/09\/pexels-kai-pilger-1341277-300x200.jpg 300w, https:\/\/ipanemavoyages.fr\/wp-content\/uploads\/2022\/09\/pexels-kai-pilger-1341277-768x512.jpg 768w, https:\/\/ipanemavoyages.fr\/wp-content\/uploads\/2022\/09\/pexels-kai-pilger-1341277-1536x1024.jpg 1536w, https:\/\/ipanemavoyages.fr\/wp-content\/uploads\/2022\/09\/pexels-kai-pilger-1341277-2048x1365.jpg 2048w, https:\/\/ipanemavoyages.fr\/wp-content\/uploads\/2022\/09\/pexels-kai-pilger-1341277-930x620.jpg 930w\" sizes=\"auto, (max-width: 1024px) 100vw, 1024px\" \/><\/figure>\n<\/div>\n<\/div>\n","protected":false},"excerpt":{"rendered":"<p>ALSACE L\u2019Alsace vous accueille avec ses maisons \u00e0 colombages, ses ruelles fleuries et ses centres historiques. Reconnue pour sa route des vins, ses march\u00e9s de No\u00ebl, ses produits locaux d\u00e9couvrez les traditions et la gastronomie de l\u2019Alsace. LYON, F\u00caTE DES LUMI\u00c8RES Assistez aux plus beaux spectacles lumineux et interactifs. De nouvelles installations in\u00e9dites chaque ann\u00e9e&hellip;&nbsp;<a href=\"https:\/\/ipanemavoyages.fr\/index.php\/france\/\" class=\"\" rel=\"bookmark\">Lire la suite &raquo;<span class=\"screen-reader-text\">France<\/span><\/a><\/p>\n","protected":false},"author":1,"featured_media":0,"parent":0,"menu_order":0,"comment_status":"closed","ping_status":"closed","template":"","meta":{"neve_meta_sidebar":"","neve_meta_container":"","neve_meta_enable_content_width":"","neve_meta_content_width":0,"neve_meta_title_alignment":"","neve_meta_author_avatar":"","neve_post_elements_order":"","neve_meta_disable_header":"","neve_meta_disable_footer":"","neve_meta_disable_title":"","footnotes":""},"class_list":["post-450","page","type-page","status-publish","hentry"],"_links":{"self":[{"href":"https:\/\/ipanemavoyages.fr\/index.php\/wp-json\/wp\/v2\/pages\/450","targetHints":{"allow":["GET"]}}],"collection":[{"href":"https:\/\/ipanemavoyages.fr\/index.php\/wp-json\/wp\/v2\/pages"}],"about":[{"href":"https:\/\/ipanemavoyages.fr\/index.php\/wp-json\/wp\/v2\/types\/page"}],"author":[{"embeddable":true,"href":"https:\/\/ipanemavoyages.fr\/index.php\/wp-json\/wp\/v2\/users\/1"}],"replies":[{"embeddable":true,"href":"https:\/\/ipanemavoyages.fr\/index.php\/wp-json\/wp\/v2\/comments?post=450"}],"version-history":[{"count":4,"href":"https:\/\/ipanemavoyages.fr\/index.php\/wp-json\/wp\/v2\/pages\/450\/revisions"}],"predecessor-version":[{"id":796,"href":"https:\/\/ipanemavoyages.fr\/index.php\/wp-json\/wp\/v2\/pages\/450\/revisions\/796"}],"wp:attachment":[{"href":"https:\/\/ipanemavoyages.fr\/index.php\/wp-json\/wp\/v2\/media?parent=450"}],"curies":[{"name":"wp","href":"https:\/\/api.w.org\/{rel}","templated":true}]}}